{"id":11059,"date":"2014-09-11T04:50:27","date_gmt":"2014-09-11T02:50:27","guid":{"rendered":"http:\/\/cross-racing.de\/?page_id=11059"},"modified":"2017-04-02T09:40:33","modified_gmt":"2017-04-02T07:40:33","slug":"saison-2012","status":"publish","type":"page","link":"https:\/\/cross-racing.de\/?page_id=11059","title":{"rendered":"Saison 2012"},"content":{"rendered":"<p>\t<div class=\"ngg-albumoverview\">\n\t\t\t\t\t<div class=\"ngg-album-compact\">\n\t\t\t\t<div class=\"ngg-album-compactbox\">\n\t\t\t\t\t<div class=\"ngg-album-link\">\n\t\t\t\t\t\t\t\t\t\t\t\t\t<a title='EM Nova Paka 2012' href='https:\/\/cross-racing.de\/index.php\/nggallery\/2012\/em-nova-paka-2012?page_id=11059'>\n\t\t\t\t\t\t\t\t<img class=\"Thumb\"\n\t\t\t\t\t\t\t\t\talt=\"EM Nova Paka 2012\"\n\t\t\t\t\t\t\t\t\tsrc=\"https:\/\/cross-racing.de\/wp-content\/gallery\/em-nova-paka-2012\/cache\/img_5945.jpg-nggid043054-ngg0dyn-91x68-00f0w010c011r110f110r010t010.jpg\"\/>\n\t\t\t\t\t\t\t<\/a>\n\t\t\t\t\t\t\t\t\t\t\t<\/div>\n\t\t\t\t<\/div>\n\t\t\t\t\t\t\t\t<h4>\n\t\t\t\t\t<a class='ngg-album-desc'\n\t\t\t\t\t\ttitle='EM Nova Paka 2012' href='https:\/\/cross-racing.de\/index.php\/nggallery\/2012\/em-nova-paka-2012?page_id=11059'style=\"max-width: 111px\"\t\t\t\t\t>\n\t\t\t\t\t\tEM Nova Paka 2012\t\t\t\t\t<\/a>\n\t\t\t\t<\/h4>\n\t\t\t\t<p class=\"ngg-album-gallery-image-counter\">\n\t\t\t\t\t\t\t\t\t\t\t<strong>226<\/strong>&nbsp;Fotos\t\t\t\t\t\t\t\t\t<\/p>\n\t\t\t<\/div>\n\t\t\t\t\t<div class=\"ngg-album-compact\">\n\t\t\t\t<div class=\"ngg-album-compactbox\">\n\t\t\t\t\t<div class=\"ngg-album-link\">\n\t\t\t\t\t\t\t\t\t\t\t\t\t<a title='EM St. Igny 2012' href='https:\/\/cross-racing.de\/index.php\/nggallery\/2012\/em-st-igny-2012?page_id=11059'>\n\t\t\t\t\t\t\t\t<img class=\"Thumb\"\n\t\t\t\t\t\t\t\t\talt=\"EM St. Igny 2012\"\n\t\t\t\t\t\t\t\t\tsrc=\"https:\/\/cross-racing.de\/wp-content\/gallery\/em-st-igny-2012\/cache\/img_7095.jpg-nggid043280-ngg0dyn-91x68-00f0w010c011r110f110r010t010.jpg\"\/>\n\t\t\t\t\t\t\t<\/a>\n\t\t\t\t\t\t\t\t\t\t\t<\/div>\n\t\t\t\t<\/div>\n\t\t\t\t\t\t\t\t<h4>\n\t\t\t\t\t<a class='ngg-album-desc'\n\t\t\t\t\t\ttitle='EM St. Igny 2012' href='https:\/\/cross-racing.de\/index.php\/nggallery\/2012\/em-st-igny-2012?page_id=11059'style=\"max-width: 111px\"\t\t\t\t\t>\n\t\t\t\t\t\tEM St. Igny 2012\t\t\t\t\t<\/a>\n\t\t\t\t<\/h4>\n\t\t\t\t<p class=\"ngg-album-gallery-image-counter\">\n\t\t\t\t\t\t\t\t\t\t\t<strong>150<\/strong>&nbsp;Fotos\t\t\t\t\t\t\t\t\t<\/p>\n\t\t\t<\/div>\n\t\t\t\t\t<div class=\"ngg-album-compact\">\n\t\t\t\t<div class=\"ngg-album-compactbox\">\n\t\t\t\t\t<div class=\"ngg-album-link\">\n\t\t\t\t\t\t\t\t\t\t\t\t\t<a title='EM Maggiora 2012' href='https:\/\/cross-racing.de\/index.php\/nggallery\/2012\/em-maggiora-2012?page_id=11059'>\n\t\t\t\t\t\t\t\t<img class=\"Thumb\"\n\t\t\t\t\t\t\t\t\talt=\"EM Maggiora 2012\"\n\t\t\t\t\t\t\t\t\tsrc=\"https:\/\/cross-racing.de\/wp-content\/gallery\/em-maggiora-2012\/cache\/img_7585.jpg-nggid042899-ngg0dyn-91x68-00f0w010c011r110f110r010t010.jpg\"\/>\n\t\t\t\t\t\t\t<\/a>\n\t\t\t\t\t\t\t\t\t\t\t<\/div>\n\t\t\t\t<\/div>\n\t\t\t\t\t\t\t\t<h4>\n\t\t\t\t\t<a class='ngg-album-desc'\n\t\t\t\t\t\ttitle='EM Maggiora 2012' href='https:\/\/cross-racing.de\/index.php\/nggallery\/2012\/em-maggiora-2012?page_id=11059'style=\"max-width: 111px\"\t\t\t\t\t>\n\t\t\t\t\t\tEM Maggiora 2012\t\t\t\t\t<\/a>\n\t\t\t\t<\/h4>\n\t\t\t\t<p class=\"ngg-album-gallery-image-counter\">\n\t\t\t\t\t\t\t\t\t\t\t<strong>155<\/strong>&nbsp;Fotos\t\t\t\t\t\t\t\t\t<\/p>\n\t\t\t<\/div>\n\t\t\t\t\t<div class=\"ngg-album-compact\">\n\t\t\t\t<div class=\"ngg-album-compactbox\">\n\t\t\t\t\t<div class=\"ngg-album-link\">\n\t\t\t\t\t\t\t\t\t\t\t\t\t<a title='DM Schl\u00fcchtern 2012' href='https:\/\/cross-racing.de\/index.php\/nggallery\/2012\/dm-schluechtern-2012?page_id=11059'>\n\t\t\t\t\t\t\t\t<img class=\"Thumb\"\n\t\t\t\t\t\t\t\t\talt=\"DM Schl\u00fcchtern 2012\"\n\t\t\t\t\t\t\t\t\tsrc=\"https:\/\/cross-racing.de\/wp-content\/gallery\/dm-schluechtern-2012\/cache\/img_5120.jpg-nggid042779-ngg0dyn-91x68-00f0w010c011r110f110r010t010.jpg\"\/>\n\t\t\t\t\t\t\t<\/a>\n\t\t\t\t\t\t\t\t\t\t\t<\/div>\n\t\t\t\t<\/div>\n\t\t\t\t\t\t\t\t<h4>\n\t\t\t\t\t<a class='ngg-album-desc'\n\t\t\t\t\t\ttitle='DM Schl\u00fcchtern 2012' href='https:\/\/cross-racing.de\/index.php\/nggallery\/2012\/dm-schluechtern-2012?page_id=11059'style=\"max-width: 111px\"\t\t\t\t\t>\n\t\t\t\t\t\tDM Schl\u00fcchtern 2012\t\t\t\t\t<\/a>\n\t\t\t\t<\/h4>\n\t\t\t\t<p class=\"ngg-album-gallery-image-counter\">\n\t\t\t\t\t\t\t\t\t\t\t<strong>120<\/strong>&nbsp;Fotos\t\t\t\t\t\t\t\t\t<\/p>\n\t\t\t<\/div>\n\t\t\t\t\t<div class=\"ngg-album-compact\">\n\t\t\t\t<div class=\"ngg-album-compactbox\">\n\t\t\t\t\t<div class=\"ngg-album-link\">\n\t\t\t\t\t\t\t\t\t\t\t\t\t<a title='DM H\u00f6chst\u00e4dt 2012' href='https:\/\/cross-racing.de\/index.php\/nggallery\/2012\/dm-hoechstaedt-2012?page_id=11059'>\n\t\t\t\t\t\t\t\t<img class=\"Thumb\"\n\t\t\t\t\t\t\t\t\talt=\"DM H\u00f6chst\u00e4dt 2012\"\n\t\t\t\t\t\t\t\t\tsrc=\"https:\/\/cross-racing.de\/wp-content\/gallery\/dm-hoechstaedt-2012\/cache\/img_4179.jpg-nggid042659-ngg0dyn-91x68-00f0w010c011r110f110r010t010.jpg\"\/>\n\t\t\t\t\t\t\t<\/a>\n\t\t\t\t\t\t\t\t\t\t\t<\/div>\n\t\t\t\t<\/div>\n\t\t\t\t\t\t\t\t<h4>\n\t\t\t\t\t<a class='ngg-album-desc'\n\t\t\t\t\t\ttitle='DM H\u00f6chst\u00e4dt 2012' href='https:\/\/cross-racing.de\/index.php\/nggallery\/2012\/dm-hoechstaedt-2012?page_id=11059'style=\"max-width: 111px\"\t\t\t\t\t>\n\t\t\t\t\t\tDM H\u00f6chst\u00e4dt 2012\t\t\t\t\t<\/a>\n\t\t\t\t<\/h4>\n\t\t\t\t<p class=\"ngg-album-gallery-image-counter\">\n\t\t\t\t\t\t\t\t\t\t\t<strong>120<\/strong>&nbsp;Fotos\t\t\t\t\t\t\t\t\t<\/p>\n\t\t\t<\/div>\n\t\t\t\t\t<div class=\"ngg-album-compact\">\n\t\t\t\t<div class=\"ngg-album-compactbox\">\n\t\t\t\t\t<div class=\"ngg-album-link\">\n\t\t\t\t\t\t\t\t\t\t\t\t\t<a title='SM Maggiora 2012' href='https:\/\/cross-racing.de\/index.php\/nggallery\/2012\/sm-maggiora-2012?page_id=11059'>\n\t\t\t\t\t\t\t\t<img class=\"Thumb\"\n\t\t\t\t\t\t\t\t\talt=\"SM Maggiora 2012\"\n\t\t\t\t\t\t\t\t\tsrc=\"https:\/\/cross-racing.de\/wp-content\/gallery\/sm-maggiora-2012\/cache\/img_3389.jpg-nggid043575-ngg0dyn-91x68-00f0w010c011r110f110r010t010.jpg\"\/>\n\t\t\t\t\t\t\t<\/a>\n\t\t\t\t\t\t\t\t\t\t\t<\/div>\n\t\t\t\t<\/div>\n\t\t\t\t\t\t\t\t<h4>\n\t\t\t\t\t<a class='ngg-album-desc'\n\t\t\t\t\t\ttitle='SM Maggiora 2012' href='https:\/\/cross-racing.de\/index.php\/nggallery\/2012\/sm-maggiora-2012?page_id=11059'style=\"max-width: 111px\"\t\t\t\t\t>\n\t\t\t\t\t\tSM Maggiora 2012\t\t\t\t\t<\/a>\n\t\t\t\t<\/h4>\n\t\t\t\t<p class=\"ngg-album-gallery-image-counter\">\n\t\t\t\t\t\t\t\t\t\t\t<strong>130<\/strong>&nbsp;Fotos\t\t\t\t\t\t\t\t\t<\/p>\n\t\t\t<\/div>\n\t\t\t\t\t<div class=\"ngg-album-compact\">\n\t\t\t\t<div class=\"ngg-album-compactbox\">\n\t\t\t\t\t<div class=\"ngg-album-link\">\n\t\t\t\t\t\t\t\t\t\t\t\t\t<a title='Motorshow Essen 2012' href='https:\/\/cross-racing.de\/index.php\/nggallery\/2012\/motorshow-essen-2012?page_id=11059'>\n\t\t\t\t\t\t\t\t<img class=\"Thumb\"\n\t\t\t\t\t\t\t\t\talt=\"Motorshow Essen 2012\"\n\t\t\t\t\t\t\t\t\tsrc=\"https:\/\/cross-racing.de\/wp-content\/gallery\/motorshow-essen-2012\/cache\/img_0779.jpg-nggid043430-ngg0dyn-91x68-00f0w010c011r110f110r010t010.jpg\"\/>\n\t\t\t\t\t\t\t<\/a>\n\t\t\t\t\t\t\t\t\t\t\t<\/div>\n\t\t\t\t<\/div>\n\t\t\t\t\t\t\t\t<h4>\n\t\t\t\t\t<a class='ngg-album-desc'\n\t\t\t\t\t\ttitle='Motorshow Essen 2012' href='https:\/\/cross-racing.de\/index.php\/nggallery\/2012\/motorshow-essen-2012?page_id=11059'style=\"max-width: 111px\"\t\t\t\t\t>\n\t\t\t\t\t\tMotorshow Essen 2012\t\t\t\t\t<\/a>\n\t\t\t\t<\/h4>\n\t\t\t\t<p class=\"ngg-album-gallery-image-counter\">\n\t\t\t\t\t\t\t\t\t\t\t<strong>145<\/strong>&nbsp;Fotos\t\t\t\t\t\t\t\t\t<\/p>\n\t\t\t<\/div>\n\t\t\t\t<br class=\"ngg-clear\"\/>\n\t\t<div class='ngg-clear'><\/div>\t<\/div>\n<\/p>\n","protected":false},"excerpt":{"rendered":"<p>EM Nova Paka 2012 226&nbsp;Fotos EM St. Igny 2012 150&nbsp;Fotos EM Maggiora 2012 155&nbsp;Fotos DM Schl\u00fcchtern 2012 120&nbsp;Fotos DM H\u00f6chst\u00e4dt 2012 120&nbsp;Fotos SM Maggiora 2012 130&nbsp;Fotos Motorshow Essen 2012 145&nbsp;Fotos<\/p>\n","protected":false},"author":2,"featured_media":0,"parent":53,"menu_order":13,"comment_status":"closed","ping_status":"open","template":"","meta":{"ngg_post_thumbnail":0,"footnotes":""},"class_list":["post-11059","page","type-page","status-publish","hentry"],"_links":{"self":[{"href":"https:\/\/cross-racing.de\/index.php?rest_route=\/wp\/v2\/pages\/11059","targetHints":{"allow":["GET"]}}],"collection":[{"href":"https:\/\/cross-racing.de\/index.php?rest_route=\/wp\/v2\/pages"}],"about":[{"href":"https:\/\/cross-racing.de\/index.php?rest_route=\/wp\/v2\/types\/page"}],"author":[{"embeddable":true,"href":"https:\/\/cross-racing.de\/index.php?rest_route=\/wp\/v2\/users\/2"}],"replies":[{"embeddable":true,"href":"https:\/\/cross-racing.de\/index.php?rest_route=%2Fwp%2Fv2%2Fcomments&post=11059"}],"version-history":[{"count":2,"href":"https:\/\/cross-racing.de\/index.php?rest_route=\/wp\/v2\/pages\/11059\/revisions"}],"predecessor-version":[{"id":18663,"href":"https:\/\/cross-racing.de\/index.php?rest_route=\/wp\/v2\/pages\/11059\/revisions\/18663"}],"up":[{"embeddable":true,"href":"https:\/\/cross-racing.de\/index.php?rest_route=\/wp\/v2\/pages\/53"}],"wp:attachment":[{"href":"https:\/\/cross-racing.de\/index.php?rest_route=%2Fwp%2Fv2%2Fmedia&parent=11059"}],"curies":[{"name":"wp","href":"https:\/\/api.w.org\/{rel}","templated":true}]}}